 f(-5).
12
Let b(f) = f**2 - 2*f - 10. Calculate b(8).
38
Let x(l) = l**3 + 3*l**2 + 2*l - 2. Calculate x(-3).
-8
Let z(q) = 2*q**2 - 27*q - 44. What is z(15)?
1
Let y(a) = a**2 - 18*a + 14. Give y(15).
-31
Let g(v) = 6*v + 11. Determine g(-8).
-37
Let k(q) = q + 5. Determine k(-8).
-3
Let s(w) = -w**3 - 5*w**2 + 3*w - 5. What is s(-4)?
-33
Let g(s) = -47*s - 4. What is g(-1)?
43
Let q(h) = -h**3 + 7*h**2 - 5*h + 15. Calculate q(6).
21
Let d(y) = y**3 - y**2 + 2*y. Give d(2).
8
Let c(m) = m**3 - 14*m**2 - 5. Calculate c(14).
-5
Let c(v) = v**2 + 12*v + 5. Give c(-9).
-22
Let l(r) = -r**3 - r**2 + 12*r - 5. Give l(-4).
-5
Let y(g) = 4*g + 5. Calculate y(-6).
-19
Let d(h) = h**3 + 7*h**2 - 13*h + 2. Determine d(-9).
-43
Let p(j) = 4*j - 2. What is p(-3)?
-14
Let q(s) = -7*s - 125. What is q(-21)?
22
Let h(v) = v**3 - 7*v**2 - 5*v - 5. Give h(7).
-40
Let w(b) = -b - 12. Determine w(6).
-18
Let g(o) = 2*o**3 - 2*o - 6. What is g(0)?
-6
Let r(s) = 3*s**2 - 13*s + 12. Determine r(4).
8
Let j(p) = 2*p**3 + 2*p**2 - 5*p - 12. What is j(-2)?
-10
Let i(n) = -3*n**2 - 6*n + 3. What is i(-3)?
-6
Let m(a) = -14*a**3 + a**2 + a. Determine m(-1).
14
Let v(t) = -2*t**3 - 17*t**2 + 27*t - 11. Determine v(-10).
19
Let s(c) = 7*c - 3. Calculate s(3).
18
Let u(y) = y**3 - 6*y**2 - 5*y. What is u(7)?
14
Let l(z) = -z**3 + 5*z**2 - 4*z - 3. Calculate l(3).
3
Let z(g) = 10*g - 1. Determine z(2).
19
Let o(x) = 7*x + 98. Calculate o(-12).
14
Let y(u) = -u**3 + u**2 - u + 28. What is y(0)?
28
Let a(s) = -s**2 + 2*s + 19. What is a(0)?
19
Let h(g) = -3*g**2 + 33*g - 60. What is h(9)?
-6
Let a(w) = w**3 + 3*w**2 - 7. Determine a(-4).
-23
Let j(t) = -9*t - 34. Calculate j(-8).
38
Let d(a) = -a - 4. What is d(-12)?
8
Let p(q) = -q + 16. Give p(19).
-3
Let g(t) = -26*t + 22. Give g(1).
-4
Let o(d) = d**2 + 3*d. Calculate o(-4).
4
Let z(s) = -s**3 - 3*s**2 + 19*s - 7. What is z(-6)?
-13
Let l(r) = -2*r**2 + 11*r + 13. Calculate l(6).
7
Let l(d) = d**2 + 4*d + 1. Give l(3).
22
Let z(y) = -3*y**2 - 5*y + 6. What is z(-4)?
-22
Let p(l) = 5*l**2 + 4*l + 5. Give p(-3).
38
Let s(v) = v**3 + 11*v**2 - 9*v + 28. Determine s(-12).
-8
Let s(i) = i**3 - 16*i**2 + 19*i - 47. What is s(15)?
13
Let w(d) = -5*d - 1. Calculate w(2).
-11
Let u(s) = s**3 - s**2 + 2*s + 1. Calculate u(2).
9
Let o(v) = -35*v + 71. What is o(3)?
-34
Let v(h) = -h**2 - 8*h + 5. What is v(-8)?
5
Let d(s) = -s**2 - 2*s - 8. Give d(0).
-8
Let r(q) = q**3 - 23*q**2 + 7*q - 151. What is r(23)?
10
Let c(u) = u**3 + 7*u**2 - 57*u + 19. Give c(-12).
-17
Let i(g) = g**2 + 3*g - 158. Calculate i(11).
-4
Let l(f) = 2*f + 52. Calculate l(0).
52
Let z(v) = -15*v - 1. Determine z(1).
-16
Let a(c) = -6*c + 73. Calculate a(11).
7
Let a(d) = -d**3 - 16*d**2 - 15*d - 16. Calculate a(-15).
-16
Let h(f) = -f**3 + 7*f**2 + 6. Give h(7).
6
Let w(h) = h**2 + 12*h - 3. Give w(-12).
-3
Let c(k) = k + 16. What is c(-8)?
8
Let w(k) = 22*k**3 - 3*k**2 - 2*k. Calculate w(-1).
-23
Let n(x) = x**2 + 19*x + 57. What is n(-11)?
-31
Let p(v) = -v**3 - 23*v**2 - 43*v - 28. What is p(-21)?
-7
Let w(f) = f**3 + 8*f**2 + 15*f + 4. Determine w(-5).
4
Let l(m) = -4*m**2 - m + 6. Give l(-2).
-8
Let s(w) = -35*w - 2. Give s(-1).
33
Let u(x) = -2*x + 10. Give u(7).
-4
Let s(v) = 3*v**3 - 4*v**2 + 9*v - 2. Determine s(2).
24
Let h(c) = c**2 + 6*c + 3. Calculate h(-6).
3
Let b(t) = -2*t**2 + t + 1. Give b(0).
1
Let p(n) = 2*n**2 + 3. Determine p(4).
35
Let x(s) = 8*s**3 - s**2 + 3*s. What is x(3)?
216
Let q(y) = -y - 8. Calculate q(-14).
6
Let m(o) = 3*o**2 - 51*o - 11. Calculate m(17).
-11
Let m(v) = -v**2 - 3*v + 9. Determine m(-4).
5
Let j(s) = s**3 - 20*s**2 + 2*s - 43. What is j(20)?
-3
Let f(t) = 16*t**2 + 2*t - 1. What is f(-2)?
59
Let r(b) = -15*b + 217. Calculate r(16).
-23
Let p(g) = g**3 + g**2 - 10*g - 1. What is p(3)?
5
Let t(j) = -j**2 - 7. What is t(0)?
-7
Let d(q) = 9*q - 1. Determine d(15).
134
Let y(b) = -2*b + 12. Calculate y(8).
-4
Let y(g) = g**2 + 3*g - 2. Give y(-8).
38
Let s(k) = -5*k**2 - 27*k. What is s(-5)?
10
Let v(r) = -4*r - 14. Determine v(-4).
2
Let a(m) = -m**3 - m**2 - m + 12. What is a(0)?
12
Let o(z) = -12*z - 3. Give o(-3).
33
Let a(q) = q**2 + 8*q + 1. Calculate a(-7).
-6
Let z(g) = 47*g - 110. Determine z(2).
-16
Let n(k) = k**3 - 11*k**2 + 19*k + 8. What is n(9)?
17
Let b(k) = 2*k**2 - 7*k - 5. Determine b(4).
-1
Let a(b) = -3*b**3 + 15*b**2 - 4*b - 6. Give a(5).
-26
Let y(f) = -f**2 + 12*f - 30. Calculate y(8).
2
Let l(h) = 2*h**3 - 14*h**2 - 14*h - 21. Determine l(8).
-5
Let d(u) = -125*u. Calculate d(1).
-125
Let a(i) = i**3 + 13*i**2 + 2*i - 19. Calculate a(-13).
-45
Let w(g) = 16*g - 78. Determine w(5).
2
Let y(b) = -b**2 - 16*b + 48. Calculate y(-16).
48
Let c(y) = y**3 - 11*y**2 - 12*y - 1. Give c(12).
-1
Let m(i) = i**3 - 9*i**2 - 18*i - 39. Calculate m(11).
5
Let y(u) = u**2 - 5*u - 47. Calculate y(-5).
3
Let r(w) = 2*w**2 + 16*w + 8. Determine r(0).
8
Let w(z) = -z**3 + 8*z**2 - 11*z + 4. Give w(6).
10
Let o(d) = 2*d + 10. Determine o(-5).
0
Let p(s) = -s**2 + 21*s - 23. Calculate p(18).
31
Let l(h) = 10*h - 129. Give l(13).
1
Let p(z) = -z**3 - 6*z**2 + 9*z - 13. Determine p(-6).
-67
Let t(n) = -n**3 + 3*n**2 + 2*n - 5. What is t(2)?
3
Let z(n) = n**3 + 4*n**2 + n - 9. Calculate z(-3).
-3
Let m(u) = -15*u - 52. Determine m(-3).
-7
Let t(p) = 2*p + 10. Calculate t(-3).
4
Let y(o) = -22*o + 2. Calculate y(4).
-86
Let o(v) = 9*v + 15. What is o(-3)?
-12
Let b(l) = 4*l**2 - 28*l + 8. Determine b(7).
8
Let t(k) = -k**2 - 2*k - 5. Calculate t(-2).
-5
Let w(v) = -2*v + 22. Determine w(6).
10
Let g(s) = -6*s**2 - 19*s - 6. Give g(-5).
-61
Let v(i) = -2*i**2 - 2*i. Determine v(1).
-4
Let l(t) = -t**2 - 15*t + 11. What is l(-15)?
11
Let y(x) = x**3 - 29*x**2 - 30*x + 14. Give y(30).
14
Let g(k) = -k**3 - 12*k**2 + 12*k - 31. What is g(-13)?
-18
Let b(u) = u**2 - 11*u + 4. Give b(9).
-14
Let l(x) = x - 8. Give l(20).
12
Let c(n) = -2*n**2 - 17*n - 32. Calculate c(-13).
-149
Let f(o) = 3*o + 24. What is f(-13)?
-15
Let s(j) = -j - 28. Determine s(-12).
-16
Let j(f) = 21*f + 342. Determine j(-16).
6
Let u(a) = -a + 12. Calculate u(-11).
23
Let m(u) = 32*u + 1. Calculate m(1).
33
Let z(a) = -a**3 - 7*a**2 - 8*a + 6. Give z(-5).
-4
Let n(s) = 5*s - 38. Give n(8).
2
Let g(m) = -8*m - 2. Calculate g(-1).
6
Let h(m) = -m + 1. Calculate h(6).
-5
Let j(v) = 2*v**3 + 9*v**2 + 4*v - 3. Calculate j(-4).
-3
Let h(w) = w**3 + 6*w**2 - 13*w - 13. Give h(-7).
29
Let q(j) = -4*j**2 + 1. Calculate q(0).
1
Let v(r) = 4*r + 27. Calculate v(-8).
-5
Let j(l) = 3*l - 4. Calculate j(-13).
-43
Let u(s) = -2*s**3 - 17*s**2 - 6*s + 19. Determine u(-8).
3
Let l(u) = 4*u + 32. Give l(-10).
-8
Let k(z) = -3*z + 28. Determine k(6).
10
Let u(s) = 17*s + 37. What is u(-5)?
-48
Let q(r) = -202*r - 204. What is q(-1)?
-2
Let j(s) = s**2 + 2*s + 3. Give j(0).
3
Let f(w) = -w**3 + 6*w**2 - w - 19. Determine f(7).
-75
Let l(q) = -16*q + 10. Determine l(0).
10
Let i(p) = -p**2 + 7*p + 5. Give i(7).
5
Let d(y) = 5*y**2 + 3*y - 8. Calculate d(2).
18
Let r(c) = -7*c + 24. Give r(7).
-25
Let d(k) = -k**3 - 6*k**2 + 2*k - 14. Give d(-7).
21
Let j(f) = 9*f - 10. What is j(3)?
17
Let x(h) = -3*h + 64. Give x(17).
13
Let v(c) = c - 6. What is v(8)?
2
Let r(a) = 6*a - 163. Calculate r(24).
-19
Let d(w) = 7*w + 46. Give d(-5).
11
Let c(t) = t**3 - 3*t**2 - t - 3. Calculate c(4).
9
Let i(q) = -q**2 + 12*q + 2. What is i(12)?
2
Let y(z) = -z**2 + 7*z - 12. What is y(5)?
-2
Let y(w) = w**2 - 4*w - 12. Calculate y(7).
9
Let a(v) = v**3 - 15*v**2 - v + 12. Calculate a(15).
-3
Let u(c) = 3*c - 29. Determine u(9).
-2
Let z(h) = h**3 + 12*h**2 + 9*h + 39. Determine z(-12).
-69
Let t(x) = 2*x**2 - 60*x - 147. Calculate t(32).
-19
Let u(x) = -10*x - 12. Give u(-8).
68
Let s(k) = -k**2 + 3*k - 1. Calculate s(3).
-1
Let b(d) = -21*d - 24. Give b(-2).
18
Let p(o) = -8*o**2 + 7*o + 21. What is p(-3)?
-72
Let p(d) = -d**2 + 32*d - 180. Give p(8).
12
Let a(l) = 13*l - 26. Calculate a(5).
39
Let h(l) = -l**3 + 12*l**2 + 12*l + 20. Calculate h(13).
7
Let h(l) = -l**3 + 3*l**2 + 6*l - 9. What is h(3)?
9
Let y(o) = -o**3 - 7*o**2 + 25*o + 191. Give y(-6).
5
Let l(z) = z**3 + 4*z**2 + 10*z - 9. What is l(0)?
-9
Let x(k) = -2*k**3 + 2*k**2 - 3*k + 6. Give x(3).
-39
Let n(h) = -h**2 